{"id":762,"date":"2023-02-06T23:01:02","date_gmt":"2023-02-06T23:01:02","guid":{"rendered":"https:\/\/autoelite.al\/?post_type=ford&#038;p=762"},"modified":"2023-03-30T19:47:46","modified_gmt":"2023-03-30T18:47:46","slug":"ford-mustang-mach-e","status":"publish","type":"ford","link":"https:\/\/autoelite.al\/en\/ford\/ford-mustang-mach-e\/","title":{"rendered":"FORD MUSTANG MACH E"},"content":{"rendered":"<h2 class=\"wp-block-heading has-text-align-center\">MUSTANG MACH-E.<br>SUV-i TOTALISHT ELEKTRIK.<\/h2>\n\n\n\n\t<div class=\"[*+&#038;]:mt-10 md:[*+&#038;]:mt-14 max-w-2xl mx-auto text-base text-center\">\n\t\t\t\t\t\t\t<div>\n\t\t\t\tPrezantimi i Mustang Mach-E: SUV-i i par\u00eb t\u00ebr\u00ebsisht elektrik i Ford-it. Dizajni i skalitur bukur, teknologjit\u00eb m\u00eb t\u00eb avancuara dhe nj\u00eb distanc\u00eb maksimale e l\u00ebvizjes elektrike deri n\u00eb 280-379 milje (rezultatet e testit WLTP)*<br>Mustang Mach-E \u00ebsht\u00eb nj\u00eb SUV elektrik q\u00eb jep p\u00ebrshpejtim t\u00eb menj\u00ebhersh\u00ebm, me modelin GT t\u00eb aft\u00eb p\u00ebr 0-62 mph n\u00eb vet\u00ebm 3,7 sekonda**<br>B\u00ebhuni gati t\u00eb bini n\u00eb dashuri me makin\u00ebn tuaj p\u00ebrs\u00ebri.\t\t\t<\/div>\n\t\t\t<\/div>\n\n\t\n\n\n<div style=\"height:100px\" aria-hidden=\"true\" class=\"wp-block-spacer\"><\/div>\n\n\n\n<figure class=\"wp-block-embed is-type-video is-provider-youtube wp-block-embed-youtube wp-embed-aspect-16-9 wp-has-aspect-ratio\"><div class=\"wp-block-embed__wrapper\">\n<iframe title=\"Mustang Mach-E | The All-Electric SUV | Ford UK\" width=\"500\" height=\"281\" src=\"https:\/\/www.youtube.com\/embed\/oCXd-whZxYY?feature=oembed\" frameborder=\"0\" allow=\"accelerometer; autoplay; clipboard-write; encrypted-media; gyroscope; picture-in-picture; web-share\" referrerpolicy=\"strict-origin-when-cross-origin\" allowfullscreen><\/iframe>\n<\/div><\/figure>\n\n\n\n<div style=\"height:100px\" aria-hidden=\"true\" class=\"wp-block-spacer\"><\/div>\n\n\n\n\t<div class=\"[&#038;+*]:mt-8 sm:[&#038;+*]:mt-10 md:[&#038;+*]:mt-12 grid items-center md:grid-cols-2 gap-y-8 gap-x-10 py-8 sm:py-10 md:py-12 relative max-w-7xl mx-auto\">\n\t\t\t\t\t<div class=\"absolute top-0 left-1\/2 -translate-x-1\/2 h-full w-screen bg-gray-100\"><\/div>\n\t\t\t\t<div class=\"relative md:min-h-[22rem] md:order-1\">\n\t\t\t\t\t\t\t<img decoding=\"async\" width=\"1440\" height=\"810\" src=\"https:\/\/autoelite.al\/wp-content\/uploads\/2023\/02\/ford-cx727-eu-cx727_49284_desire_drivers_car_cockpit_v10-9x8-2160x1920-bb-inside_vehicle_showing_touchscreen.webp\" class=\"md:absolute rounded-md w-full h-[14rem] sm:h-[18rem] md:min-h-[22rem] md:top-1\/2 md:-translate-y-1\/2 object-cover\" alt=\"\" style=\"margin:0!important\" srcset=\"https:\/\/autoelite.al\/wp-content\/uploads\/2023\/02\/ford-cx727-eu-cx727_49284_desire_drivers_car_cockpit_v10-9x8-2160x1920-bb-inside_vehicle_showing_touchscreen.webp 1440w, https:\/\/autoelite.al\/wp-content\/uploads\/2023\/02\/ford-cx727-eu-cx727_49284_desire_drivers_car_cockpit_v10-9x8-2160x1920-bb-inside_vehicle_showing_touchscreen-350x197.webp 350w, https:\/\/autoelite.al\/wp-content\/uploads\/2023\/02\/ford-cx727-eu-cx727_49284_desire_drivers_car_cockpit_v10-9x8-2160x1920-bb-inside_vehicle_showing_touchscreen-1024x576.webp 1024w, https:\/\/autoelite.al\/wp-content\/uploads\/2023\/02\/ford-cx727-eu-cx727_49284_desire_drivers_car_cockpit_v10-9x8-2160x1920-bb-inside_vehicle_showing_touchscreen-768x432.webp 768w, https:\/\/autoelite.al\/wp-content\/uploads\/2023\/02\/ford-cx727-eu-cx727_49284_desire_drivers_car_cockpit_v10-9x8-2160x1920-bb-inside_vehicle_showing_touchscreen-18x10.webp 18w\" sizes=\"(max-width: 1440px) 100vw, 1440px\" \/>\t\t\t\t\t<\/div>\n\t\t<div class=\"relative flex flex-col items-start justify-center text-base\">\n\t\t\t\t\t\t\t<h3 style=\"margin-top:0!important\" class=\"font-bold\">\n\t\t\t\t\tINTUITA VIZUALE\t\t\t\t<\/h3>\n\t\t\t\t\t\t\t\t\t\t\t<div>\n\t\t\t\t\tMustang Mach-E permban nj\u00eb grup mbres\u00ebl\u00ebn\u00ebs teknologish t\u00eb lidhura, t\u00eb krijuara p\u00ebr t\u00eb ofruar ni\u00eb p\u00ebrvoj\u00eb drejtimi q\u00eb \u00ebsht\u00eb e p\u00ebrqendruar e gjitha reth jush.\t\t\t\t<\/div>\n\t\t\t\t\t<\/div>\n\t<\/div>\n\n\t\n\n\n\t<div class=\"[&#038;+*]:mt-8 sm:[&#038;+*]:mt-10 md:[&#038;+*]:mt-12 grid items-center md:grid-cols-2 gap-y-8 gap-x-10\">\n\t\t\t\t<div class=\"relative md:min-h-[22rem]\">\n\t\t\t\t\t\t\t<img decoding=\"async\" width=\"1440\" height=\"810\" src=\"https:\/\/autoelite.al\/wp-content\/uploads\/2023\/02\/ford-cx727-eu-cx727_49060_driver_assist_technology-9x8-2160x1920-bb-vehicle_with_road_graphic_behind_vehicle.webp\" class=\"md:absolute rounded-md w-full h-[14rem] sm:h-[18rem] md:min-h-[22rem] md:top-1\/2 md:-translate-y-1\/2 object-cover\" alt=\"\" style=\"margin:0!important\" srcset=\"https:\/\/autoelite.al\/wp-content\/uploads\/2023\/02\/ford-cx727-eu-cx727_49060_driver_assist_technology-9x8-2160x1920-bb-vehicle_with_road_graphic_behind_vehicle.webp 1440w, https:\/\/autoelite.al\/wp-content\/uploads\/2023\/02\/ford-cx727-eu-cx727_49060_driver_assist_technology-9x8-2160x1920-bb-vehicle_with_road_graphic_behind_vehicle-350x197.webp 350w, https:\/\/autoelite.al\/wp-content\/uploads\/2023\/02\/ford-cx727-eu-cx727_49060_driver_assist_technology-9x8-2160x1920-bb-vehicle_with_road_graphic_behind_vehicle-1024x576.webp 1024w, https:\/\/autoelite.al\/wp-content\/uploads\/2023\/02\/ford-cx727-eu-cx727_49060_driver_assist_technology-9x8-2160x1920-bb-vehicle_with_road_graphic_behind_vehicle-768x432.webp 768w, https:\/\/autoelite.al\/wp-content\/uploads\/2023\/02\/ford-cx727-eu-cx727_49060_driver_assist_technology-9x8-2160x1920-bb-vehicle_with_road_graphic_behind_vehicle-18x10.webp 18w\" sizes=\"(max-width: 1440px) 100vw, 1440px\" \/>\t\t\t\t\t<\/div>\n\t\t<div class=\"relative flex flex-col items-start justify-center text-base\">\n\t\t\t\t\t\t\t<h3 style=\"margin-top:0!important\" class=\"font-bold\">\n\t\t\t\t\tASSISTENCA GJATE<br>DREJTIMIT\t\t\t\t<\/h3>\n\t\t\t\t\t\t\t\t\t\t\t<div>\n\t\t\t\t\tNga teknologjite inteligente te parkimit, te sistemet e avancuara te sigurise, Mustang Mach-E ka ne dispozicion ni\u00e8 s\u00e8re teknologish te ndihmes s\u00eb shoferit.<br>\t\t\t\t<\/div>\n\t\t\t\t\t<\/div>\n\t<\/div>\n\n\t\n\n\n\t<div class=\"[&#038;+*]:mt-8 sm:[&#038;+*]:mt-10 md:[&#038;+*]:mt-12 grid items-center md:grid-cols-2 gap-y-8 gap-x-10 py-8 sm:py-10 md:py-12 relative max-w-7xl mx-auto\">\n\t\t\t\t\t<div class=\"absolute top-0 left-1\/2 -translate-x-1\/2 h-full w-screen bg-gray-100\"><\/div>\n\t\t\t\t<div class=\"relative md:min-h-[22rem] md:order-1\">\n\t\t\t\t\t\t\t<img decoding=\"async\" width=\"1440\" height=\"810\" src=\"https:\/\/autoelite.al\/wp-content\/uploads\/2023\/02\/ford-mustang_mach_e-eu-SHOT_03_Mach-E_AWD_Exterior_Raised_3_4_Dynamic_FINAL-16x9-2160x1215-1.webp\" class=\"md:absolute rounded-md w-full h-[14rem] sm:h-[18rem] md:min-h-[22rem] md:top-1\/2 md:-translate-y-1\/2 object-cover\" alt=\"\" style=\"margin:0!important\" srcset=\"https:\/\/autoelite.al\/wp-content\/uploads\/2023\/02\/ford-mustang_mach_e-eu-SHOT_03_Mach-E_AWD_Exterior_Raised_3_4_Dynamic_FINAL-16x9-2160x1215-1.webp 1440w, https:\/\/autoelite.al\/wp-content\/uploads\/2023\/02\/ford-mustang_mach_e-eu-SHOT_03_Mach-E_AWD_Exterior_Raised_3_4_Dynamic_FINAL-16x9-2160x1215-1-350x197.webp 350w, https:\/\/autoelite.al\/wp-content\/uploads\/2023\/02\/ford-mustang_mach_e-eu-SHOT_03_Mach-E_AWD_Exterior_Raised_3_4_Dynamic_FINAL-16x9-2160x1215-1-1024x576.webp 1024w, https:\/\/autoelite.al\/wp-content\/uploads\/2023\/02\/ford-mustang_mach_e-eu-SHOT_03_Mach-E_AWD_Exterior_Raised_3_4_Dynamic_FINAL-16x9-2160x1215-1-768x432.webp 768w, https:\/\/autoelite.al\/wp-content\/uploads\/2023\/02\/ford-mustang_mach_e-eu-SHOT_03_Mach-E_AWD_Exterior_Raised_3_4_Dynamic_FINAL-16x9-2160x1215-1-18x10.webp 18w\" sizes=\"(max-width: 1440px) 100vw, 1440px\" \/>\t\t\t\t\t<\/div>\n\t\t<div class=\"relative flex flex-col items-start justify-center text-base\">\n\t\t\t\t\t\t\t<h3 style=\"margin-top:0!important\" class=\"font-bold\">\n\t\t\t\t\tFUQIA E RIIMAGINUAR\t\t\t\t<\/h3>\n\t\t\t\t\t\t\t\t\t\t\t<div>\n\t\t\t\t\tMustang Mach-E ofron pershpejtim t\u00eb qet\u00eb dhe t\u00eb heshtur nga 0-62 mph n\u00eb m\u00eb pak se 3,7 sekonda** dhe nj\u00eb distanc\u00eb maksimale elektrike deri n\u00eb 280-379 milje (rezultatet e testit WLTP)*\t\t\t\t<\/div>\n\t\t\t\t\t<\/div>\n\t<\/div>\n\n\t\n\n\n\t<div class=\"[&#038;+*]:mt-8 sm:[&#038;+*]:mt-10 md:[&#038;+*]:mt-12 grid items-center md:grid-cols-2 gap-y-8 gap-x-10\">\n\t\t\t\t<div class=\"relative md:min-h-[22rem]\">\n\t\t\t\t\t\t\t<img decoding=\"async\" width=\"767\" height=\"431\" src=\"https:\/\/autoelite.al\/wp-content\/uploads\/2023\/02\/ford-mustang_mach_e-FoE-SHOT_B08_MACH_E_DOOR_HANDLE_FINAL-16x9-2160x1215-fc.webp\" class=\"md:absolute rounded-md w-full h-[14rem] sm:h-[18rem] md:min-h-[22rem] md:top-1\/2 md:-translate-y-1\/2 object-cover\" alt=\"\" style=\"margin:0!important\" srcset=\"https:\/\/autoelite.al\/wp-content\/uploads\/2023\/02\/ford-mustang_mach_e-FoE-SHOT_B08_MACH_E_DOOR_HANDLE_FINAL-16x9-2160x1215-fc.webp 767w, https:\/\/autoelite.al\/wp-content\/uploads\/2023\/02\/ford-mustang_mach_e-FoE-SHOT_B08_MACH_E_DOOR_HANDLE_FINAL-16x9-2160x1215-fc-350x197.webp 350w, https:\/\/autoelite.al\/wp-content\/uploads\/2023\/02\/ford-mustang_mach_e-FoE-SHOT_B08_MACH_E_DOOR_HANDLE_FINAL-16x9-2160x1215-fc-18x10.webp 18w\" sizes=\"(max-width: 767px) 100vw, 767px\" \/>\t\t\t\t\t<\/div>\n\t\t<div class=\"relative flex flex-col items-start justify-center text-base\">\n\t\t\t\t\t\t\t<h3 style=\"margin-top:0!important\" class=\"font-bold\">\n\t\t\t\t\tE SIGURT DHE E THJESHT\u00cb\t\t\t\t<\/h3>\n\t\t\t\t\t\t\t\t\t\t\t<div>\n\t\t\t\t\tVe\u00e7orit\u00eb inovative t\u00eb lidhjes E-Latch dhe FordPass ju<br>lejojne qasje t\u00eb shpejt\u00eb dhe t\u00eb leht\u00eb n\u00eb automjetin tuaj.\t\t\t\t<\/div>\n\t\t\t\t\t<\/div>\n\t<\/div>\n\n\t\n\n\n<div style=\"height:100px\" aria-hidden=\"true\" class=\"wp-block-spacer\"><\/div>","protected":false},"featured_media":1239,"parent":0,"menu_order":11,"template":"","car-category":[35,36,41,39],"car-state":[26],"colors":[],"class_list":["post-762","ford","type-ford","status-publish","has-post-thumbnail","hentry","car_category-automjete","car_category-elektrike","car_category-home","car_category-suv-crossover","car_state-te-reja"],"acf":{"featured_tag":{"title":"ELECTRIC","term_id":36},"categories":[39,36],"price":"","specs":[{"title":"From 0 to 100 km\/h","value":"3,8 Sekonda"},{"title":"Maximum autonomy","value":"600km"},{"title":"Fast Charge","value":"119km p\u00ebr 10min"}],"broshura":"","listing_image":1306,"slider":"","gallery":[810,811,812,813,814,710]},"aioseo_notices":[],"_links":{"self":[{"href":"https:\/\/autoelite.al\/en\/wp-json\/wp\/v2\/ford\/762","targetHints":{"allow":["GET"]}}],"collection":[{"href":"https:\/\/autoelite.al\/en\/wp-json\/wp\/v2\/ford"}],"about":[{"href":"https:\/\/autoelite.al\/en\/wp-json\/wp\/v2\/types\/ford"}],"version-history":[{"count":43,"href":"https:\/\/autoelite.al\/en\/wp-json\/wp\/v2\/ford\/762\/revisions"}],"predecessor-version":[{"id":1318,"href":"https:\/\/autoelite.al\/en\/wp-json\/wp\/v2\/ford\/762\/revisions\/1318"}],"acf:attachment":[{"embeddable":true,"href":"https:\/\/autoelite.al\/en\/wp-json\/wp\/v2\/media\/710"},{"embeddable":true,"href":"https:\/\/autoelite.al\/en\/wp-json\/wp\/v2\/media\/814"},{"embeddable":true,"href":"https:\/\/autoelite.al\/en\/wp-json\/wp\/v2\/media\/813"},{"embeddable":true,"href":"https:\/\/autoelite.al\/en\/wp-json\/wp\/v2\/media\/812"},{"embeddable":true,"href":"https:\/\/autoelite.al\/en\/wp-json\/wp\/v2\/media\/811"},{"embeddable":true,"href":"https:\/\/autoelite.al\/en\/wp-json\/wp\/v2\/media\/810"}],"acf:term":[{"embeddable":true,"taxonomy":"car_category","href":"https:\/\/autoelite.al\/en\/wp-json\/wp\/v2\/car-category\/36"},{"embeddable":true,"taxonomy":"car_category","href":"https:\/\/autoelite.al\/en\/wp-json\/wp\/v2\/car-category\/39"}],"wp:featuredmedia":[{"embeddable":true,"href":"https:\/\/autoelite.al\/en\/wp-json\/wp\/v2\/media\/1239"}],"wp:attachment":[{"href":"https:\/\/autoelite.al\/en\/wp-json\/wp\/v2\/media?parent=762"}],"wp:term":[{"taxonomy":"car_category","embeddable":true,"href":"https:\/\/autoelite.al\/en\/wp-json\/wp\/v2\/car-category?post=762"},{"taxonomy":"car_state","embeddable":true,"href":"https:\/\/autoelite.al\/en\/wp-json\/wp\/v2\/car-state?post=762"},{"taxonomy":"color","embeddable":true,"href":"https:\/\/autoelite.al\/en\/wp-json\/wp\/v2\/colors?post=762"}],"curies":[{"name":"wp","href":"https:\/\/api.w.org\/{rel}","templated":true}]}}

<h2 class="wp-block-heading has-text-align-center">MUSTANG MACH-E.<br>SUV-i TOTALISHT ELEKTRIK.</h2>



	<div class="[*+&#038;]:mt-10 md:[*+&#038;]:mt-14 max-w-2xl mx-auto text-base text-center">
							<div>
				Prezantimi i Mustang Mach-E: SUV-i i parë tërësisht elektrik i Ford-it. Dizajni i skalitur bukur, teknologjitë më të avancuara dhe një distancë maksimale e lëvizjes elektrike deri në 280-379 milje (rezultatet e testit WLTP)*<br>Mustang Mach-E është një SUV elektrik që jep përshpejtim të menjëhershëm, me modelin GT të aftë për 0-62 mph në vetëm 3,7 sekonda**<br>Bëhuni gati të bini në dashuri me makinën tuaj përsëri.			</div>
			</div>

	


<div style="height:100px" aria-hidden="true" class="wp-block-spacer"></div>



<figure class="wp-block-embed is-type-video is-provider-youtube wp-block-embed-youtube wp-embed-aspect-16-9 wp-has-aspect-ratio"><div class="wp-block-embed__wrapper">
<iframe title="Mustang Mach-E | The All-Electric SUV | Ford UK" width="500" height="281" src="https://www.youtube.com/embed/oCXd-whZxYY?feature=oembed" frameborder="0" allow="accelerometer; autoplay; clipboard-write; encrypted-media; gyroscope; picture-in-picture; web-share" referrerpolicy="strict-origin-when-cross-origin" allowfullscreen></iframe>
</div></figure>



<div style="height:100px" aria-hidden="true" class="wp-block-spacer"></div>



	<div class="[&#038;+*]:mt-8 sm:[&#038;+*]:mt-10 md:[&#038;+*]:mt-12 grid items-center md:grid-cols-2 gap-y-8 gap-x-10 py-8 sm:py-10 md:py-12 relative max-w-7xl mx-auto">
					<div class="absolute top-0 left-1/2 -translate-x-1/2 h-full w-screen bg-gray-100"></div>
				<div class="relative md:min-h-[22rem] md:order-1">
							<img decoding="async" width="1440" height="810" src="https://autoelite.al/wp-content/uploads/2023/02/ford-cx727-eu-cx727_49284_desire_drivers_car_cockpit_v10-9x8-2160x1920-bb-inside_vehicle_showing_touchscreen.webp" class="md:absolute rounded-md w-full h-[14rem] sm:h-[18rem] md:min-h-[22rem] md:top-1/2 md:-translate-y-1/2 object-cover" alt="" style="margin:0!important" srcset="https://autoelite.al/wp-content/uploads/2023/02/ford-cx727-eu-cx727_49284_desire_drivers_car_cockpit_v10-9x8-2160x1920-bb-inside_vehicle_showing_touchscreen.webp 1440w, https://autoelite.al/wp-content/uploads/2023/02/ford-cx727-eu-cx727_49284_desire_drivers_car_cockpit_v10-9x8-2160x1920-bb-inside_vehicle_showing_touchscreen-350x197.webp 350w, https://autoelite.al/wp-content/uploads/2023/02/ford-cx727-eu-cx727_49284_desire_drivers_car_cockpit_v10-9x8-2160x1920-bb-inside_vehicle_showing_touchscreen-1024x576.webp 1024w, https://autoelite.al/wp-content/uploads/2023/02/ford-cx727-eu-cx727_49284_desire_drivers_car_cockpit_v10-9x8-2160x1920-bb-inside_vehicle_showing_touchscreen-768x432.webp 768w, https://autoelite.al/wp-content/uploads/2023/02/ford-cx727-eu-cx727_49284_desire_drivers_car_cockpit_v10-9x8-2160x1920-bb-inside_vehicle_showing_touchscreen-18x10.webp 18w" sizes="(max-width: 1440px) 100vw, 1440px" />					</div>
		<div class="relative flex flex-col items-start justify-center text-base">
							<h3 style="margin-top:0!important" class="font-bold">
					INTUITA VIZUALE				</h3>
											<div>
					Mustang Mach-E permban një grup mbresëlënës teknologish të lidhura, të krijuara për të ofruar nië përvojë drejtimi që është e përqendruar e gjitha reth jush.				</div>
					</div>
	</div>

	


	<div class="[&#038;+*]:mt-8 sm:[&#038;+*]:mt-10 md:[&#038;+*]:mt-12 grid items-center md:grid-cols-2 gap-y-8 gap-x-10">
				<div class="relative md:min-h-[22rem]">
							<img decoding="async" width="1440" height="810" src="https://autoelite.al/wp-content/uploads/2023/02/ford-cx727-eu-cx727_49060_driver_assist_technology-9x8-2160x1920-bb-vehicle_with_road_graphic_behind_vehicle.webp" class="md:absolute rounded-md w-full h-[14rem] sm:h-[18rem] md:min-h-[22rem] md:top-1/2 md:-translate-y-1/2 object-cover" alt="" style="margin:0!important" srcset="https://autoelite.al/wp-content/uploads/2023/02/ford-cx727-eu-cx727_49060_driver_assist_technology-9x8-2160x1920-bb-vehicle_with_road_graphic_behind_vehicle.webp 1440w, https://autoelite.al/wp-content/uploads/2023/02/ford-cx727-eu-cx727_49060_driver_assist_technology-9x8-2160x1920-bb-vehicle_with_road_graphic_behind_vehicle-350x197.webp 350w, https://autoelite.al/wp-content/uploads/2023/02/ford-cx727-eu-cx727_49060_driver_assist_technology-9x8-2160x1920-bb-vehicle_with_road_graphic_behind_vehicle-1024x576.webp 1024w, https://autoelite.al/wp-content/uploads/2023/02/ford-cx727-eu-cx727_49060_driver_assist_technology-9x8-2160x1920-bb-vehicle_with_road_graphic_behind_vehicle-768x432.webp 768w, https://autoelite.al/wp-content/uploads/2023/02/ford-cx727-eu-cx727_49060_driver_assist_technology-9x8-2160x1920-bb-vehicle_with_road_graphic_behind_vehicle-18x10.webp 18w" sizes="(max-width: 1440px) 100vw, 1440px" />					</div>
		<div class="relative flex flex-col items-start justify-center text-base">
							<h3 style="margin-top:0!important" class="font-bold">
					ASSISTENCA GJATE<br>DREJTIMIT				</h3>
											<div>
					Nga teknologjite inteligente te parkimit, te sistemet e avancuara te sigurise, Mustang Mach-E ka ne dispozicion niè sère teknologish te ndihmes së shoferit.<br>				</div>
					</div>
	</div>

	


	<div class="[&#038;+*]:mt-8 sm:[&#038;+*]:mt-10 md:[&#038;+*]:mt-12 grid items-center md:grid-cols-2 gap-y-8 gap-x-10 py-8 sm:py-10 md:py-12 relative max-w-7xl mx-auto">
					<div class="absolute top-0 left-1/2 -translate-x-1/2 h-full w-screen bg-gray-100"></div>
				<div class="relative md:min-h-[22rem] md:order-1">
							<img decoding="async" width="1440" height="810" src="https://autoelite.al/wp-content/uploads/2023/02/ford-mustang_mach_e-eu-SHOT_03_Mach-E_AWD_Exterior_Raised_3_4_Dynamic_FINAL-16x9-2160x1215-1.webp" class="md:absolute rounded-md w-full h-[14rem] sm:h-[18rem] md:min-h-[22rem] md:top-1/2 md:-translate-y-1/2 object-cover" alt="" style="margin:0!important" srcset="https://autoelite.al/wp-content/uploads/2023/02/ford-mustang_mach_e-eu-SHOT_03_Mach-E_AWD_Exterior_Raised_3_4_Dynamic_FINAL-16x9-2160x1215-1.webp 1440w, https://autoelite.al/wp-content/uploads/2023/02/ford-mustang_mach_e-eu-SHOT_03_Mach-E_AWD_Exterior_Raised_3_4_Dynamic_FINAL-16x9-2160x1215-1-350x197.webp 350w, https://autoelite.al/wp-content/uploads/2023/02/ford-mustang_mach_e-eu-SHOT_03_Mach-E_AWD_Exterior_Raised_3_4_Dynamic_FINAL-16x9-2160x1215-1-1024x576.webp 1024w, https://autoelite.al/wp-content/uploads/2023/02/ford-mustang_mach_e-eu-SHOT_03_Mach-E_AWD_Exterior_Raised_3_4_Dynamic_FINAL-16x9-2160x1215-1-768x432.webp 768w, https://autoelite.al/wp-content/uploads/2023/02/ford-mustang_mach_e-eu-SHOT_03_Mach-E_AWD_Exterior_Raised_3_4_Dynamic_FINAL-16x9-2160x1215-1-18x10.webp 18w" sizes="(max-width: 1440px) 100vw, 1440px" />					</div>
		<div class="relative flex flex-col items-start justify-center text-base">
							<h3 style="margin-top:0!important" class="font-bold">
					FUQIA E RIIMAGINUAR				</h3>
											<div>
					Mustang Mach-E ofron pershpejtim të qetë dhe të heshtur nga 0-62 mph në më pak se 3,7 sekonda** dhe një distancë maksimale elektrike deri në 280-379 milje (rezultatet e testit WLTP)*				</div>
					</div>
	</div>

	


	<div class="[&#038;+*]:mt-8 sm:[&#038;+*]:mt-10 md:[&#038;+*]:mt-12 grid items-center md:grid-cols-2 gap-y-8 gap-x-10">
				<div class="relative md:min-h-[22rem]">
							<img decoding="async" width="767" height="431" src="https://autoelite.al/wp-content/uploads/2023/02/ford-mustang_mach_e-FoE-SHOT_B08_MACH_E_DOOR_HANDLE_FINAL-16x9-2160x1215-fc.webp" class="md:absolute rounded-md w-full h-[14rem] sm:h-[18rem] md:min-h-[22rem] md:top-1/2 md:-translate-y-1/2 object-cover" alt="" style="margin:0!important" srcset="https://autoelite.al/wp-content/uploads/2023/02/ford-mustang_mach_e-FoE-SHOT_B08_MACH_E_DOOR_HANDLE_FINAL-16x9-2160x1215-fc.webp 767w, https://autoelite.al/wp-content/uploads/2023/02/ford-mustang_mach_e-FoE-SHOT_B08_MACH_E_DOOR_HANDLE_FINAL-16x9-2160x1215-fc-350x197.webp 350w, https://autoelite.al/wp-content/uploads/2023/02/ford-mustang_mach_e-FoE-SHOT_B08_MACH_E_DOOR_HANDLE_FINAL-16x9-2160x1215-fc-18x10.webp 18w" sizes="(max-width: 767px) 100vw, 767px" />					</div>
		<div class="relative flex flex-col items-start justify-center text-base">
							<h3 style="margin-top:0!important" class="font-bold">
					E SIGURT DHE E THJESHTË				</h3>
											<div>
					Veçoritë inovative të lidhjes E-Latch dhe FordPass ju<br>lejojne qasje të shpejtë dhe të lehtë në automjetin tuaj.				</div>
					</div>
	</div>

	


<div style="height:100px" aria-hidden="true" class="wp-block-spacer"></div>

119km për 10min
