{"id":1387,"date":"2023-04-03T00:35:00","date_gmt":"2023-04-02T23:35:00","guid":{"rendered":"https:\/\/autoelite.al\/?post_type=ford&#038;p=1387"},"modified":"2023-04-03T00:47:14","modified_gmt":"2023-04-02T23:47:14","slug":"new-focus","status":"publish","type":"ford","link":"https:\/\/autoelite.al\/en\/ford\/new-focus\/","title":{"rendered":"FORD FOCUS"},"content":{"rendered":"<p><\/p>\n\n\n\n\t<div class=\"[*+&#038;]:mt-10 md:[*+&#038;]:mt-14 max-w-2xl mx-auto text-base text-center\">\n\t\t\t\t\t<h2 class=\"text-2xl md:text-3xl font-bold\">\n\t\t\t\tFORD FOCUS I RI\t\t\t<\/h2>\n\t\t\t\t\t\t\t<div>\n\t\t\t\tMe nj\u00eb dizajn t\u00eb ri t\u00eb mrekulluesh\u00ebm dhe informacion t\u00eb gjenerat\u00ebs s\u00eb ardhshme, p\u00ebrvoja e drejtimit te Focus-it te ri \u00ebsht\u00eb m\u00eb e mir\u00eb se kurr\u00eb.<br><br>Nj\u00eb ekran i ri me prekje, me ngjyra 13,2 in\u00e7 p\u00ebrmban teknologji t\u00eb sofistikuar SYNC 4. Navigimi i lidhur dhe Ford Secure ju mbajn\u00eb t\u00eb lidhur pa probleme dhe ju lejojn\u00eb t\u00eb p\u00ebrdorni ve\u00e7orit\u00eb e teknologjis\u00eb s\u00eb lart\u00eb.<br><br>Hyni n\u00eb nj\u00eb bot\u00eb t\u00eb elektrifikuar t\u00eb efikasitetit dhe kontrollit me transmisionin e ri EcoBoost Hybrid me marshe Automatike. P\u00ebr t\u00eb p\u00ebrmir\u00ebsuar fleksibilitetin, Focus Estate ju lejon t\u00eb mbani t\u00eb ndara dhe n\u00eb m\u00ebnyr\u00eb t\u00eb sigurt pajisjet tuaja t\u00eb lagura dhe t\u00eb thata.<br><br>Zgjidhni mes prakticitetit qe ofron Ford Focus Active, komoditetit luksoz te Titaniumit, stilit te ST-Line i frym\u00ebzuar nga sporti ose performancen e gjithanshme emocionuese te ST.\t\t\t<\/div>\n\t\t\t<\/div>\n\n\t\n\n\n<div style=\"height:60px\" aria-hidden=\"true\" class=\"wp-block-spacer\"><\/div>\n\n\n\n<figure class=\"wp-block-embed is-type-video is-provider-youtube wp-block-embed-youtube wp-embed-aspect-16-9 wp-has-aspect-ratio\"><div class=\"wp-block-embed__wrapper\">\n<iframe title=\"New Ford Focus Walk-Around | Ford UK\" width=\"500\" height=\"281\" src=\"https:\/\/www.youtube.com\/embed\/JiqSVVCu_Wo?feature=oembed\" frameborder=\"0\" allow=\"accelerometer; autoplay; clipboard-write; encrypted-media; gyroscope; picture-in-picture; web-share\" referrerpolicy=\"strict-origin-when-cross-origin\" allowfullscreen><\/iframe>\n<\/div><\/figure>\n\n\n\n<div style=\"height:60px\" aria-hidden=\"true\" class=\"wp-block-spacer\"><\/div>\n\n\n\n\t<div class=\"[*+&#038;]:mt-10 md:[*+&#038;]:mt-14 grid md:grid-cols-2 gap-8 md:gap-x-10\">\n\t\t<div class=\"shadow-md sm:shadow-lg\">\n\t\t\t\t\t\t\t<img decoding=\"async\" width=\"1440\" height=\"810\" src=\"https:\/\/autoelite.al\/wp-content\/uploads\/2023\/04\/ford-Focus_ACT-eu-Shot_06_C519-MCA_Focus_Detail_Interior-16x9-2160x1215px.webp\" class=\"w-full h-[11rem] sm:h-[13rem] md:h-[15rem] object-cover\" alt=\"\" style=\"margin:0!important\" srcset=\"https:\/\/autoelite.al\/wp-content\/uploads\/2023\/04\/ford-Focus_ACT-eu-Shot_06_C519-MCA_Focus_Detail_Interior-16x9-2160x1215px.webp 1440w, https:\/\/autoelite.al\/wp-content\/uploads\/2023\/04\/ford-Focus_ACT-eu-Shot_06_C519-MCA_Focus_Detail_Interior-16x9-2160x1215px-350x197.webp 350w, https:\/\/autoelite.al\/wp-content\/uploads\/2023\/04\/ford-Focus_ACT-eu-Shot_06_C519-MCA_Focus_Detail_Interior-16x9-2160x1215px-1024x576.webp 1024w, https:\/\/autoelite.al\/wp-content\/uploads\/2023\/04\/ford-Focus_ACT-eu-Shot_06_C519-MCA_Focus_Detail_Interior-16x9-2160x1215px-768x432.webp 768w, https:\/\/autoelite.al\/wp-content\/uploads\/2023\/04\/ford-Focus_ACT-eu-Shot_06_C519-MCA_Focus_Detail_Interior-16x9-2160x1215px-18x10.webp 18w\" sizes=\"(max-width: 1440px) 100vw, 1440px\" \/>\t\t\t\t\t\t<div class=\"text-sm p-4 sm:p-6\">\n\t\t\t\t\t\t\t\t\t<div class=\"not-prose\">\n\t\t\t\t\t\t<h3 class=\"mt-0 mb-1 sm:mb-2 w-full text-lg sm:text-xl font-bold leading-tight\">\n\t\t\t\t\t\t\tCONNECTED INTELLIGENCE\t\t\t\t\t\t<\/h3>\n\t\t\t\t\t<\/div>\n\t\t\t\t\t\t\t\t\t\t\t\t\t\t<div>\n\t\t\t\t\t\tStay connected to the world around you with new Ford SYNC 4. Including high-definition 13.2\u201d touchscreen, cloud-connected navigation, plus advanced voice control with natural language recognition. The new Focus can wirelessly connect to your smartphone via Android Auto\u2122\/Apple CarPlay\u2122\t\t\t\t\t<\/div>\n\t\t\t\t\t\t\t<\/div>\n\t\t<\/div>\n\t\t<div class=\"shadow-md sm:shadow-lg\">\n\t\t\t\t\t\t\t<img decoding=\"async\" width=\"1440\" height=\"810\" src=\"https:\/\/autoelite.al\/wp-content\/uploads\/2023\/04\/ford-fiesta-FoE-3_BX726_51303_L_52972-16x9-2160x1215-DCT-fc.webp\" class=\"w-full h-[11rem] sm:h-[13rem] md:h-[15rem] object-cover\" alt=\"\" style=\"margin:0!important\" srcset=\"https:\/\/autoelite.al\/wp-content\/uploads\/2023\/04\/ford-fiesta-FoE-3_BX726_51303_L_52972-16x9-2160x1215-DCT-fc.webp 1440w, https:\/\/autoelite.al\/wp-content\/uploads\/2023\/04\/ford-fiesta-FoE-3_BX726_51303_L_52972-16x9-2160x1215-DCT-fc-350x197.webp 350w, https:\/\/autoelite.al\/wp-content\/uploads\/2023\/04\/ford-fiesta-FoE-3_BX726_51303_L_52972-16x9-2160x1215-DCT-fc-1024x576.webp 1024w, https:\/\/autoelite.al\/wp-content\/uploads\/2023\/04\/ford-fiesta-FoE-3_BX726_51303_L_52972-16x9-2160x1215-DCT-fc-768x432.webp 768w, https:\/\/autoelite.al\/wp-content\/uploads\/2023\/04\/ford-fiesta-FoE-3_BX726_51303_L_52972-16x9-2160x1215-DCT-fc-18x10.webp 18w\" sizes=\"(max-width: 1440px) 100vw, 1440px\" \/>\t\t\t\t\t\t<div class=\"text-sm p-4 sm:p-6\">\n\t\t\t\t\t\t\t\t\t<div class=\"not-prose\">\n\t\t\t\t\t\t<h3 class=\"mt-0 mb-1 sm:mb-2 w-full text-lg sm:text-xl font-bold leading-tight\">\n\t\t\t\t\t\t\tFOCUS I RI ECOBOOST HYBRID\t\t\t\t\t\t<\/h3>\n\t\t\t\t\t<\/div>\n\t\t\t\t\t\t\t\t\t\t\t\t\t\t<div>\n\t\t\t\t\t\tFocus EcoBoost Hybrid i ri \u00ebsht\u00eb i disponuesh\u00ebm me nj\u00eb transmetim automatik t\u00eb avancuar. Transmisioni automatik me shtat\u00eb shpejt\u00ebsi \u00ebsht\u00eb projektuar me sakt\u00ebsi p\u00ebr t\u00eb ofruar nj\u00eb makin\u00eb m\u00eb efikase dhe q\u00eb komplimenton performanc\u00ebn e rritur elektrike t\u00eb motorit hibrid.\t\t\t\t\t<\/div>\n\t\t\t\t\t\t\t<\/div>\n\t\t<\/div>\n\t<\/div>","protected":false},"featured_media":1401,"parent":0,"menu_order":2,"template":"","car-category":[35],"car-state":[26],"colors":[],"class_list":["post-1387","ford","type-ford","status-publish","has-post-thumbnail","hentry","car_category-automjete","car_state-te-reja"],"acf":{"featured_tag":{"title":"NEW FOCUS","term_id":35},"categories":[35],"price":"","specs":[{"title":"Teknologjia","value":"SYNC4"},{"title":"Seats","value":"5"},{"title":"Kapaciteti max","value":"1530l"}],"broshura":"","listing_image":1388,"slider":"","gallery":""},"aioseo_notices":[],"_links":{"self":[{"href":"https:\/\/autoelite.al\/en\/wp-json\/wp\/v2\/ford\/1387","targetHints":{"allow":["GET"]}}],"collection":[{"href":"https:\/\/autoelite.al\/en\/wp-json\/wp\/v2\/ford"}],"about":[{"href":"https:\/\/autoelite.al\/en\/wp-json\/wp\/v2\/types\/ford"}],"version-history":[{"count":17,"href":"https:\/\/autoelite.al\/en\/wp-json\/wp\/v2\/ford\/1387\/revisions"}],"predecessor-version":[{"id":1409,"href":"https:\/\/autoelite.al\/en\/wp-json\/wp\/v2\/ford\/1387\/revisions\/1409"}],"acf:term":[{"embeddable":true,"taxonomy":"car_category","href":"https:\/\/autoelite.al\/en\/wp-json\/wp\/v2\/car-category\/35"}],"wp:featuredmedia":[{"embeddable":true,"href":"https:\/\/autoelite.al\/en\/wp-json\/wp\/v2\/media\/1401"}],"wp:attachment":[{"href":"https:\/\/autoelite.al\/en\/wp-json\/wp\/v2\/media?parent=1387"}],"wp:term":[{"taxonomy":"car_category","embeddable":true,"href":"https:\/\/autoelite.al\/en\/wp-json\/wp\/v2\/car-category?post=1387"},{"taxonomy":"car_state","embeddable":true,"href":"https:\/\/autoelite.al\/en\/wp-json\/wp\/v2\/car-state?post=1387"},{"taxonomy":"color","embeddable":true,"href":"https:\/\/autoelite.al\/en\/wp-json\/wp\/v2\/colors?post=1387"}],"curies":[{"name":"wp","href":"https:\/\/api.w.org\/{rel}","templated":true}]}}

<p></p>



	<div class="[*+&#038;]:mt-10 md:[*+&#038;]:mt-14 max-w-2xl mx-auto text-base text-center">
					<h2 class="text-2xl md:text-3xl font-bold">
				FORD FOCUS I RI			</h2>
							<div>
				Me një dizajn të ri të mrekullueshëm dhe informacion të gjeneratës së ardhshme, përvoja e drejtimit te Focus-it te ri është më e mirë se kurrë.<br><br>Një ekran i ri me prekje, me ngjyra 13,2 inç përmban teknologji të sofistikuar SYNC 4. Navigimi i lidhur dhe Ford Secure ju mbajnë të lidhur pa probleme dhe ju lejojnë të përdorni veçoritë e teknologjisë së lartë.<br><br>Hyni në një botë të elektrifikuar të efikasitetit dhe kontrollit me transmisionin e ri EcoBoost Hybrid me marshe Automatike. Për të përmirësuar fleksibilitetin, Focus Estate ju lejon të mbani të ndara dhe në mënyrë të sigurt pajisjet tuaja të lagura dhe të thata.<br><br>Zgjidhni mes prakticitetit qe ofron Ford Focus Active, komoditetit luksoz te Titaniumit, stilit te ST-Line i frymëzuar nga sporti ose performancen e gjithanshme emocionuese te ST.			</div>
			</div>

	


<div style="height:60px" aria-hidden="true" class="wp-block-spacer"></div>



<figure class="wp-block-embed is-type-video is-provider-youtube wp-block-embed-youtube wp-embed-aspect-16-9 wp-has-aspect-ratio"><div class="wp-block-embed__wrapper">
<iframe title="New Ford Focus Walk-Around | Ford UK" width="500" height="281" src="https://www.youtube.com/embed/JiqSVVCu_Wo?feature=oembed" frameborder="0" allow="accelerometer; autoplay; clipboard-write; encrypted-media; gyroscope; picture-in-picture; web-share" referrerpolicy="strict-origin-when-cross-origin" allowfullscreen></iframe>
</div></figure>



<div style="height:60px" aria-hidden="true" class="wp-block-spacer"></div>



	<div class="[*+&#038;]:mt-10 md:[*+&#038;]:mt-14 grid md:grid-cols-2 gap-8 md:gap-x-10">
		<div class="shadow-md sm:shadow-lg">
							<img decoding="async" width="1440" height="810" src="https://autoelite.al/wp-content/uploads/2023/04/ford-Focus_ACT-eu-Shot_06_C519-MCA_Focus_Detail_Interior-16x9-2160x1215px.webp" class="w-full h-[11rem] sm:h-[13rem] md:h-[15rem] object-cover" alt="" style="margin:0!important" srcset="https://autoelite.al/wp-content/uploads/2023/04/ford-Focus_ACT-eu-Shot_06_C519-MCA_Focus_Detail_Interior-16x9-2160x1215px.webp 1440w, https://autoelite.al/wp-content/uploads/2023/04/ford-Focus_ACT-eu-Shot_06_C519-MCA_Focus_Detail_Interior-16x9-2160x1215px-350x197.webp 350w, https://autoelite.al/wp-content/uploads/2023/04/ford-Focus_ACT-eu-Shot_06_C519-MCA_Focus_Detail_Interior-16x9-2160x1215px-1024x576.webp 1024w, https://autoelite.al/wp-content/uploads/2023/04/ford-Focus_ACT-eu-Shot_06_C519-MCA_Focus_Detail_Interior-16x9-2160x1215px-768x432.webp 768w, https://autoelite.al/wp-content/uploads/2023/04/ford-Focus_ACT-eu-Shot_06_C519-MCA_Focus_Detail_Interior-16x9-2160x1215px-18x10.webp 18w" sizes="(max-width: 1440px) 100vw, 1440px" />						<div class="text-sm p-4 sm:p-6">
									<div class="not-prose">
						<h3 class="mt-0 mb-1 sm:mb-2 w-full text-lg sm:text-xl font-bold leading-tight">
							CONNECTED INTELLIGENCE						</h3>
					</div>
														<div>
						Stay connected to the world around you with new Ford SYNC 4. Including high-definition 13.2” touchscreen, cloud-connected navigation, plus advanced voice control with natural language recognition. The new Focus can wirelessly connect to your smartphone via Android Auto™/Apple CarPlay™					</div>
							</div>
		</div>
		<div class="shadow-md sm:shadow-lg">
							<img decoding="async" width="1440" height="810" src="https://autoelite.al/wp-content/uploads/2023/04/ford-fiesta-FoE-3_BX726_51303_L_52972-16x9-2160x1215-DCT-fc.webp" class="w-full h-[11rem] sm:h-[13rem] md:h-[15rem] object-cover" alt="" style="margin:0!important" srcset="https://autoelite.al/wp-content/uploads/2023/04/ford-fiesta-FoE-3_BX726_51303_L_52972-16x9-2160x1215-DCT-fc.webp 1440w, https://autoelite.al/wp-content/uploads/2023/04/ford-fiesta-FoE-3_BX726_51303_L_52972-16x9-2160x1215-DCT-fc-350x197.webp 350w, https://autoelite.al/wp-content/uploads/2023/04/ford-fiesta-FoE-3_BX726_51303_L_52972-16x9-2160x1215-DCT-fc-1024x576.webp 1024w, https://autoelite.al/wp-content/uploads/2023/04/ford-fiesta-FoE-3_BX726_51303_L_52972-16x9-2160x1215-DCT-fc-768x432.webp 768w, https://autoelite.al/wp-content/uploads/2023/04/ford-fiesta-FoE-3_BX726_51303_L_52972-16x9-2160x1215-DCT-fc-18x10.webp 18w" sizes="(max-width: 1440px) 100vw, 1440px" />						<div class="text-sm p-4 sm:p-6">
									<div class="not-prose">
						<h3 class="mt-0 mb-1 sm:mb-2 w-full text-lg sm:text-xl font-bold leading-tight">
							FOCUS I RI ECOBOOST HYBRID						</h3>
					</div>
														<div>
						Focus EcoBoost Hybrid i ri është i disponueshëm me një transmetim automatik të avancuar. Transmisioni automatik me shtatë shpejtësi është projektuar me saktësi për të ofruar një makinë më efikase dhe që komplimenton performancën e rritur elektrike të motorit hibrid.					</div>
							</div>
		</div>
	</div>
